51
What are the prime factors of 47211?
3, 15737
What are the prime factors of 6682906?
2, 233, 14341
What are the prime factors of 637168?
2, 7, 5689
What are the prime factors of 695323?
695323
List the prime factors of 2411090.
2, 5, 11, 23, 953
List the prime factors of 945732.
2, 3, 53, 1487
List the prime factors of 28238298.
2, 3, 11, 73, 5861
List the prime factors of 319134.
2, 3, 53189
What are the prime factors of 33903184?
2, 7, 271, 1117
List the prime factors of 4235561.
11, 31, 12421
What are the prime factors of 214915?
5, 53, 811
What are the prime factors of 307629?
3, 7, 19, 257
What are the prime factors of 131328?
2, 3, 19
List the prime factors of 201642.
2, 3, 7, 4801
What are the prime factors of 4332893?
19, 97, 2351
What are the prime factors of 2089276?
2, 7, 29, 31, 83
What are the prime factors of 265836?
2, 3, 22153
What are the prime factors of 1000660?
2, 5, 50033
List the prime factors of 490887.
3, 18181
What are the prime factors of 1231165?
5, 13, 31, 47
What are the prime factors of 5070618?
2, 3, 7, 5749
List the prime factors of 974972.
2, 71, 3433
What are the prime factors of 1993383?
3, 7, 53, 199
List the prime factors of 662648.
2, 7, 11833
List the prime factors of 600936.
2, 3, 7, 73
What are the prime factors of 14088518?
2, 7044259
What are the prime factors of 56331?
3, 11, 569
What are the prime factors of 107286?
2, 3, 17881
What are the prime factors of 846920?
2, 5, 31, 683
What are the prime factors of 2951488?
2, 107, 431
What are the prime factors of 124839?
3, 11, 13, 97
What are the prime factors of 251628?
2, 3, 13, 1613
List the prime factors of 57366.
2, 3, 3187
What are the prime factors of 7110277?
7110277
What are the prime factors of 33284?
2, 53, 157
What are the prime factors of 3221910?
2, 3, 5, 11933
What are the prime factors of 34609?
53, 653
What are the prime factors of 4644555?
3, 5, 309637
What are the prime factors of 153128?
2, 19141
What are the prime factors of 602664?
2, 3, 25111
List the prime factors of 23586666.
2, 3, 59, 66629
List the prime factors of 2289384.
2, 3, 3533
What are the prime factors of 2664397?
2664397
List the prime factors of 12636711.
3, 43, 32653
List the prime factors of 1478421.
3, 7, 31, 757
What are the prime factors of 3922784?
2, 17, 7211
List the prime factors of 272418.
2, 3, 45403
What are the prime factors of 1383828?
2, 3, 115319
List the prime factors of 3101380.
2, 5, 155069
List the prime factors of 2671848.
2, 3, 43, 863
What are the prime factors of 381832?
2, 11, 4339
What are the prime factors of 407666?
2, 7, 37, 787
What are the prime factors of 1963097?
29, 139, 487
What are the prime factors of 6089702?
2, 31, 98221
List the prime factors of 8315.
5, 1663
List the prime factors of 11801795.
5, 139, 16981
What are the prime factors of 58570?
2, 5, 5857
List the prime factors of 902642.
2, 13, 149, 233
What are the prime factors of 1906991?
773, 2467
What are the prime factors of 1164154?
2, 41, 14197
What are the prime factors of 431637?
3, 143879
List the prime factors of 1405588.
2, 351397
List the prime factors of 1828306.
2, 179, 5107
List the prime factors of 62929.
62929
List the prime factors of 2793218.
2, 211, 6619
List the prime factors of 620033.
620033
List the prime factors of 12553946.
2, 19, 31, 10657
What are the prime factors of 3131279?
31, 101009
What are the prime factors of 390617?
47, 8311
List the prime factors of 867963.
3, 349, 829
List the prime factors of 1232136.
2, 3, 109, 157
List the prime factors of 3601320.
2, 3, 5, 30011
List the prime factors of 852411.
3, 7, 40591
What are the prime factors of 3603829?
3603829
List the prime factors of 523680.
2, 3, 5, 1091
What are the prime factors of 5128358?
2, 47, 89, 613
List the prime factors of 216193.
41, 5273
List the prime factors of 37710257.
13, 103, 28163
List the prime factors of 2874255.
3, 5, 89, 2153
List the prime factors of 7288774.
2, 97, 37571
List the prime factors of 18253.
18253
List the prime factors of 253861.
17, 109, 137
What are the prime factors of 34250?
2, 5, 137
What are the prime factors of 203687?
11, 18517
List the prime factors of 452743.
89, 5087
List the prime factors of 15657801.
3, 5219267
What are the prime factors of 1296992?
2, 40531
List the prime factors of 356324.
2, 229, 389
What are the prime factors of 846414?
2, 3, 59, 797
List the prime factors of 5542865.
5, 1108573
List the prime factors of 1746707.
1746707
List the prime factors of 192569.
13, 14813
List the prime factors of 141193.
13, 10861
What are the prime factors of 13999?
13999
List the prime factors of 1437128.
2, 7, 11, 2333
What are the prime factors of 1079813?
7, 22037
List the prime factors of 659718.
2, 3, 19, 643
List the prime factors of 251993.
7, 35999
List the prime factors of 160071.
3, 229, 233
What are the prime factors of 14382242?
2, 7, 127, 8089
What are the prime factors of 4393800?
2, 3, 5, 2441
List the prime factors of 718418.
2, 359209
List the prime factors of 5393981.
17, 181, 1753
What are the prime factors of 9693863?
9693863
What are the prime factors of 989539?
19, 52081
List the prime factors of 1782678.
2, 3, 297113
What are the prime factors of 1254938?
2, 233, 2693
What are the prime factors of 29113502?
2, 11, 89, 14869
List the prime factors of 15244.
2, 37, 103
List the prime factors of 227013.
3, 31, 2441
What are the prime factors of 170991?
3, 2111
List the prime factors of 1446955.
5, 17, 29, 587
List the prime factors of 501812.
2, 125453
What are the prime factors of 11500000?
2, 5, 23
What are the prime factors of 873489?
3, 491, 593
What are the prime factors of 183665?
5, 109, 337
List the prime factors of 88161.
3, 29387
What are the prime factors of 17924979?
3, 67, 257, 347
List the prime factors of 1000685.
5, 7, 28591
List the prime factors of 757274.
2, 7, 54091
List the prime factors of 579421.
31, 18691
List the prime factors of 122768.
2, 7673
What are the prime factors of 154428?
2, 3, 17, 757
What are the prime factors of 273710?
2, 5, 101, 271
List the prime factors of 312753.
3, 7, 53, 281
What are the prime factors of 14608787?
359, 40693
List the prime factors of 28396.
2, 31, 229
What are the prime factors of 3329566?
2, 53, 101, 311
List the prime factors of 7363134.
2, 3, 409063
List the prime factors of 914529.
3, 7, 11, 37, 107
List the prime factors of 865193.
7, 17657
What are the prime factors of 457180?
2, 5, 22859
List the prime factors of 21379379.
7, 3054197
What are the prime factors of 597407?
597407
List the prime factors of 1057027.
19, 55633
What are the prime factors of 4127722?
2, 2063861
What are the prime factors of 1188586?
2, 7, 73, 1163
List the prime factors of 6198091.
1291, 4801
List the prime factors of 6766791.
3, 61, 103, 359
List the prime factors of 502481.
7, 23, 3121
What are the prime factors of 27697011?
3, 9232337
List the prime factors of 6990152.
2, 13, 67213
What are the prime factors of 3086354?
2, 29, 127, 419
What are the prime factors of 1746821?
1746821
List the prime factors of 323559.
3, 35951
List the prime factors of 526253.
7, 13, 5783
List the prime factors of 1091284.
2, 19, 83, 173
What are the prime factors of 87063?
3, 29021
What are the prime factors of 24424?
2, 43, 71
What are the prime factors of 2697382?
2, 53, 25447
What are the prime factors of 1870784?
2, 29231
List the prime factors of 309336.
2, 3, 12889
List the prime factors of 25832572.
2, 467, 13829
List the prime factors of 677913.
3, 89, 2539
What are the prime factors of 89924?
2, 22481
What are the prime factors of 1346643?
3, 149627
What are the prime factors of 162732?
2, 3, 71, 191
What are the prime factors of 6395179?
7, 17, 61, 881
List the prime factors of 421796.
2, 105449
What are the prime factors of 3299860?
2, 5, 139, 1187
What are the prime factors of 367487?
179, 2053
What are the prime factors of 47386?
2, 19, 29, 43
List the prime factors of 6247375.
5, 23, 41, 53
What are the prime factors of 3649472?
2, 127, 449
What are the prime factors of 3042163?
3042163
What are the prime factors of 293773?
293773
List the prime factors of 17240627.
17240627
What are the prime factors of 55601?
7, 13, 47
List the prime factors of 1130626.
2, 7, 83, 